ose 4*q - 5*w = -65, -31 = 4*q - 3*w + 24. Let p = q + s. Let i(b) = -b**3 - b**2 + 10. Determine i(p).
10
Let c be 2/4 + ((-1050)/12)/7. Let y = c - -17. Let x(k) = 5*k - k**2 - 1 + 0*k + 0*k. Calculate x(y).
-1
Let a(k) = -2*k - 10. Let t(v) = -v**3 + 5*v**2 - 2*v - 3. Let f be t(2). Calculate a(f).
-20
Let p(i) = 15*i - 10. Let t(s) be the third derivative of 5*s**4/24 - s**3/2 + 7*s**2. Let d(u) = 2*p(u) - 7*t(u). Determine d(-2).
11
Let j(t) = t + 3. Let w(y) = -y**3 - 9*y**2 + 4*y + 18. Let b(n) = -3*j(n) + w(n). Determine b(-8).
-63
Let b(g) = -464 + 231 - g + 238. Calculate b(-4).
9
Let i(z) = -4*z**3 + 4*z + z - 4*z**2 + 2*z**2 - 2*z + 0*z**2 + 3. Determine i(-2).
21
Let t(x) = -x**2 - 4*x - 1. Let h = -203 - -200. Give t(h).
2
Let i(m) = 3*m**2 + 14*m - 2. Let f be i(-6). Let u = -2 - 19. Let j = f + u. Let v(g) = -11*g. Calculate v(j).
-11
Let o = -150 + 154. Let k be 48/15 + 2/(-10). Let q(y) = 2 - 4 + y - k. Determine q(o).
-1
Let c(o) = 2*o - 4*o + 5*o - 5. Suppose -2*i + 3*j = 3, 4*j = 15*i - 39 - 31. What is c(i)?
13
Let t(l) be the second derivative of -l**6/180 - l**5/30 + 11*l**3/6 + l. Let b(c) be the second derivative of t(c). Let k = -2 - 1. Give b(k).
-6
Let f(y) = -y**2 + 4*y - 2. Let h be f(4). Let t = -49 - -47. Let m = h - t. Let v(r) = -r + 2. What is v(m)?
2
Let i = -137 - -142. Let p(h) be the third derivative of -h**6/120 + h**5/12 - h**4/24 - 5*h**3/6 - h**2. What is p(i)?
-10
Let l = -160 - -163. Let t(v) = v + 3. What is t(l)?
6
Let a(q) = 2*q**2 + 25*q + 65. Let o be a(-9). Let c(z) be the first derivative of -4 - 2*z + 1/3*z**3 - z**o. Give c(2).
-2
Let i = -15 + 16. Suppose 4*s + i = 3*f + 6*s, -4*s = f - 17. Let r(g) = g**2 + 0*g**2 + 2*g - 3 + 0*g - 3*g. Give r(f).
9
Let p(j) = 4*j - 2. Suppose -5*l + 192 = l. Let z = 34 - l. Calculate p(z).
6
Suppose -4*x - 2 = -3*p + 1, -5*p = 5*x - 40. Suppose -6 - 3 = -x*y. Let j(s) = -12*s**3 + y*s**3 + 10*s**3 - 5 + s + 5*s**2. What is j(-4)?
7
Suppose -6 + 9 = w. Suppose w*u + 2 + 4 = 0. Let h(x) = -x**3 - x**2 - 2*x - 1. Determine h(u).
7
Let g(z) = -2*z + 23. Let n(y) = 2*y - 20. Let v(m) = -3*g(m) - 2*n(m). Calculate v(14).
-1
Let d(u) = 2*u + 22. Let a be -2 - (1*1/(-1) - -4). Let b be d(a). Let f(p) = p**2 - 11*p. What is f(b)?
12
Let z(r) be the third derivative of -r**6/120 + r**5/15 + r**4/4 - r**3 + 6*r**2 + 13*r. Suppose -9 - 11 = -4*m. Suppose 2*w - 15 = -m. Give z(w).
-1
Let n(d) = -7*d. Let g(q) = -q**2 - 13*q - 43. Let a be g(-7). What is n(a)?
7
Let b(i) = -i. Let f(c) be the first derivative of 0*c - 1/2*c**2 - 8 + 5/3*c**3 + 1/4*c**4. Let u be f(-5). What is b(u)?
-5
Suppose -q = 17*q - 144. Let o(a) = -a**2 + 12*a - 10. Calculate o(q).
22
Suppose 3*m - 7*m = -4*h - 16, -4 = -m + 5*h. Let l(c) = -m - 6*c + 5*c**2 + 2 - 20*c**3 + 21*c**3. Determine l(-6).
-2
Let r(b) = b - 2. Suppose 5*s - s = -56. Let f = 19 + s. Suppose 2*w = f*p + 15, 3*p = 2*w + 2*w - 9. What is r(p)?
-5
Suppose 9 = -5*t - 21. Let l(h) = -2*h - 3*h**2 + 2*h**2 - 4*h + 75 - 79. Calculate l(t).
-4
Let k(o) = o**3 - 7*o**2 - 8*o + 4. Let y(b) = -83*b - 656. Let j be y(-8). What is k(j)?
4
Suppose 136 = 5*k - f, f + 30 = k - 2*f. Let d(z) = 24*z - 54*z + k*z - 4. Give d(-4).
8
Suppose -10 = 4*y - 9*y. Let j(i) = -2*i + 16*i + 237 - 246. Let v(m) = 5*m - 3. Let z(b) = -2*j(b) + 7*v(b). What is z(y)?
11
Let v(j) = 15*j - 179. Let l be v(11). Let c(a) = -a**2 - 17*a - 7. What is c(l)?
35
Suppose -4*j - 16 = -8*j. Let s = 3 + 2. Let n = j - s. Let t(z) = -z - 1. Give t(n).
0
Let k(y) be the first derivative of -5*y**2/2 - 7*y - 190. Give k(-5).
18
Suppose -n - 51 = 5*l, 6*l - 2*l - 2*n + 38 = 0. Let i be (-3 + 2)*(-9 - l). Let v(z) = 19*z**2 - z - 1. Determine v(i).
19
Let v(b) = b**3 + b**2 - b. Let l(d) = -5*d - 3. Let x(h) = -25*h - 15. Let o(p) = -11*l(p) + 2*x(p). Let f be o(-1). Calculate v(f).
-2
Let t(d) = d**3 + 6*d**2 + 4. Let y(k) = 3*k**3 + 19*k**2 + k + 12. Suppose 6 = -n + 13. Let c(g) = n*t(g) - 2*y(g). Calculate c(-5).
-11
Let u(j) be the third derivative of -j**4/4 + j**3 - 4*j**2. Calculate u(-5).
36
Let v(y) = 4*y + 10. Let x be v(5). Let f be 5/3*36/x. Suppose o - 2*q - 2*q + 5 = 0, 0 = -f*o + 4*q - 10. Let l(t) = t**3 + 5*t**2 - 3*t - 5. Give l(o).
10
Let q = 3 - 9. Let w(c) = -c**2 + 4*c + 6. Let h be w(4). Let j(s) = 8*s + 4*s**3 - 6*s**3 + 3*s**3 + h + 7*s**2. Determine j(q).
-6
Let y(i) = 3*i**2 + 15*i + 56. Let m(g) = 5*g**2 + 22*g + 84. Let n(r) = 5*m(r) - 8*y(r). Give n(12).
-4
Let t be 7 - -4*(-3)/(-12)*(-8 + 7). Let h(s) be the first derivative of -5/3*s**3 - 1 + s + 1/4*s**4 - 7/2*s**2. What is h(t)?
-5
Suppose 12*d = 7*d + 15. Let q(h) = -h**3 + 2*h**2 + h. Let s be q(d). Let p(a) = 3*a**2 - 7*a - 3*a**2 - a**2 - 2 + 0*a. Calculate p(s).
4
Let u(o) = o + 7. Suppose 5*s + c - 4*c = 102, 3*s = c + 58. Let v = s + -15. Let d be (-2)/((-8)/v + 3). Give u(d).
1
Suppose 0*h - 550 = -10*h. Let p(v) = h*v - 23*v + 5 - 30*v. Calculate p(-6).
-7
Let z = -65 + 70. Suppose -4*u + 17 = l, -u - 3*l + 4*l + 3 = 0. Let b(h) = -h + 4*h - h - u. Determine b(z).
6
Let c(m) = -m**3 + 8*m**2 + 8*m + 8. Suppose 40 + 86 = 14*g. Calculate c(g).
-1
Let q(c) = 10*c + 10. Let b(x) = 17*x + 15. Let v(h) = 5*b(h) - 8*q(h). What is v(6)?
25
Let f(k) = k**2 - 4*k - 4. Let u be f(5). Suppose 3*g + 5*c = 5*g + u, -c = 5*g - 11. Let l(r) = r**2 + 5 - 7*r - g + 3. Calculate l(4).
-6
Let n = -1538 - -1539. Let t(s) = -4*s**3 - s. Determine t(n).
-5
Let j(a) = -6*a. Let q be j(1). Let y = q + 4. Let b(m) be the second derivative of -5*m**4/12 - m**3/2 - m**2/2 + 22*m. What is b(y)?
-15
Let t(w) be the third derivative of w**4/8 + w**3/6 + 2*w**2. Suppose -105 = -58*l - 221. Calculate t(l).
-5
Let t = 36 - 37. Let y(g) = g**2 - 5*g**2 + g**2 + 7 - g + 7*g. Let u(p) = 6*p**2 - 11*p - 13. Let d(z) = -6*u(z) - 11*y(z). Calculate d(t).
-2
Suppose -27*c + 53*c - 78 = 0. Let v(w) be the third derivative of -1/10*w**5 - 7/24*w**4 - 1/6*w**c - 7*w**2 + 0 + 1/120*w**6 + 0*w. What is v(7)?
-1
Let v(g) = g**2 + 5*g - 5. Let l be 18/(-10)*(49/(-21) - 1). Suppose 0 = l*x + 68 - 38. Give v(x).
-5
Let a(y) be the first derivative of -y**4/24 - y**3/6 + 3*y**2/2 - 9. Let s(w) be the second derivative of a(w). Determine s(-2).
1
Suppose -365 = 20*j - 465. Let l(v) = -5*v + 8. Determine l(j).
-17
Suppose 0 = -t + 1 - 6. Let q(v) = -2*v**2 + 6*v + 2. Let z(k) = -3*k**2 + 6*k + 1. Let s(u) = -4*q(u) + 3*z(u). Calculate s(t).
0
Let x be (-6 - -582) + 1/(-1). Let s(m) = -575*m + 2*m**2 + x*m. Give s(1).
2
Let w(k) = k**2 - 10*k + 12. Let g be w(9). Let y be g*-1 + -9 + 10. Let s(f) = -2*f + 4*f + 5*f. Determine s(y).
-14
Let s(j) = 2*j + 3. Suppose 3*k - 3 = -2*m, 0 = 2*k - 7*k + 4*m + 27. Suppose -2*u + 9 = -17. Suppose 0*n - 14 = -3*v + 4*n, -v + k*n + u = 0. What is s(v)?
-1
Let r(o) be the first derivative of -1/2*o**2 + 0*o + 38. Let n be ((-1)/(-2))/(2/12). Give r(n).
-3
Suppose 6*n - 432 = -12*n. Suppose 15 = -3*v, 0 = -j + 3*j - 2*v - n. Let d(q) = -q + 9. What is d(j)?
2
Let j(g) be the first derivative of -17*g**2/2 + g + 176. What is j(-1)?
18
Suppose -5*b - 4*n + 3*n = 2, n + 2 = 3*b. Let o be (-45)/(-15) + b + -1. Let z(x) = 5*x - 6 - x**o - 2 + x + 0*x**2. Give z(6).
-8
Let n be (-215)/25 + 9 + (-24)/10. Let a(i) = -11*i - 2. Give a(n).
20
Let m(i) be the second derivative of i**4/12 - 5*i**2 - 201*i. Suppose 8*s + 5 = -3*p + 3*s, 0 = -2*p - 4*s - 4. What is m(p)?
-10
Let m(z) be the third derivative of -1/24*z**4 + 3*z**2 + 0*z + 1/2*z**3 - 1/10*z**5 + 0. Let u(l) = -l**2 - l + 1. Let s(p) = -m(p) + 5*u(p). Calculate s(3).
-1
Let p(n) be the third derivative of -n**5/60 + n**4/6 - n**3/6 - n**2. Suppose 3*g - 4 = -z, 4*g = 12*z - 10*z - 8. Calculate p(z).
-1
Let x(i) = 12*i + i**2 + 400 - 203 - 205. Determine x(-13).
5
Let k(y) be the second derivative of y**4/3 - 5*y**3/6 + y**2 + 4*y. Suppose 12*t + 5*c - 26 = 10*t, -c - 11 = -5*t. Give k(t).
23
Let b(p) = 0 - 4*p**2 - 2 + p + 0 - p**3. Let i be b(-4). Let o(x) be the second derivative of x**3/6 + 6*x**2 + 35*x. Calculate o(i).
6
Let b(o) = 99 - 24 - 25 - 21 + o**2 - 16 + 11*o. Calculate b(-9).
-5
Let u(s) = 5*s**2 + s. Let q be u(-1). Let o = -8 + q. Let i(z) = 4*z**2 + 4*z + 6. Let w(h) = -7*h**2 - 8*h - 11. Let m(f) = 5*i(f) + 3*w(f). Dete